l). Suppose -3*v - 8*v + 2123 = h. What are the prime factors of v?
193
Let l(s) = 5*s - 19. Let g be (-2)/(-5) - (-380)/50 - 1. Let x be l(g). Suppose 14*z = 12*z + x. List the prime factors of z.
2
What are the prime factors of -15*34/7140 + (-52137)/(-14)?
2, 7, 19
Let o be (3 - 4)/(4/(-28)). Suppose -5*n + 3*w + 330 = 0, o*n - 2*n - 330 = -w. Suppose 0 = 4*g - n - 162. List the prime factors of g.
3, 19
Suppose 9*z - 7*z - 54804 = -5*x, -3*z + 3*x + 82227 = 0. List the prime factors of z.
27407
Suppose -2*i - s - 32 + 49 = 0, 4*i = 2*s + 46. Suppose -18*m + 9352 = -i*m. What are the prime factors of m?
7, 167
Suppose 12*q - 5*p = 13*q - 16252, 0 = -4*q + 3*p + 65008. What are the prime factors of q?
2, 17, 239
Suppose -22*z - d = -19*z - 18699, -2*z - 2*d + 12470 = 0. What are the prime factors of z?
2, 19, 41
Let q be -1 - (3 + -3 + -358). Suppose 4*k - q = 3*k - 4*i, -k - 2*i = -347. List the prime factors of k.
337
Let y = 3479 + -1596. Suppose -11003 = -19*t - y. What are the prime factors of t?
2, 3, 5
Suppose 0 = -7*q - 126490 + 345597. List the prime factors of q.
113, 277
Let m(c) = -5*c**3 + 9*c**2 + 7*c - 229. List the prime factors of m(-19).
2, 3, 6197
Let k be -4 - -1*(1 - -5). Suppose 0 = 4*t - c - k*c - 12, 0 = 2*c. Let z = 46 - t. What are the prime factors of z?
43
Suppose -5*u - 24 = 3*m - 0*m, 2*m - 28 = 4*u. List the prime factors of (u/9)/(8/(-900)).
3, 5
Let p(w) = w**3 - 105*w**2 - 143*w + 4354. What are the prime factors of p(111)?
17, 3671
Let w = -1385 + 3314. Suppose 0 = 7*s - w - 2208. List the prime factors of s.
3, 197
Suppose -3*h + 5*j + 0*j = -721, 247 = h - 5*j. Suppose -3*m - h = 111. Let w = m - -251. What are the prime factors of w?
3, 5
What are the prime factors of (1 + 1)*((-154080)/(-16) - 2)?
2, 29, 83
Let x be (-22)/(-8) + (-3)/(-12). Suppose u = 2*g + 183 + 319, -g + 1513 = x*u. Suppose u = -2*l + 6*l. List the prime factors of l.
2, 3, 7
Let l(z) = 1662*z**2 - 48*z + 173. List the prime factors of l(4).
26573
Suppose -7*w + 18*w + 1100 = 0. Suppose -13*j - 2*j - 975 = 0. Let c = j - w. What are the prime factors of c?
5, 7
Let l = 3900 - 1013. List the prime factors of l.
2887
Suppose 20 = m + 3*m. Let j = 82 + -5. Suppose -m*w + b + 134 = 0, -5*w - j = b - 213. List the prime factors of w.
3
Suppose 0 = -m - 2*f + 4, 0 = -5*m - 4*f + 20. Suppose 2*p + 180 = 3*p - m*r, -4*r - 344 = -2*p. Suppose 4*t = 76 + p. List the prime factors of t.
2, 3, 5
Let t be -8 + (23 - 7) - 5. Suppose 5*f + z - 703 = 3609, t*f = -2*z + 2590. What are the prime factors of f?
2, 431
Suppose -5*w + 2*b + 20 = 0, -7*w + 5*w - 11 = 3*b. List the prime factors of (-92)/69*(-1911)/w.
2, 7, 13
Suppose 2*a = -2 + 4. Suppose -a = 10*r + 9. What are the prime factors of (3 + 177)*(r - -2)?
2, 3, 5
Let h be 9/(-7) - (-4)/14. Let i(v) = -18 - 9 - 179*v - 10 + 47 - 12. What are the prime factors of i(h)?
3, 59
Suppose 3*s + 4*r - 37285 = 0, 73*s + 3*r = 74*s - 12398. What are the prime factors of s?
11, 1129
Let y = -175 - -175. What are the prime factors of (7/(-3) + 3)*(444 + y)?
2, 37
Suppose 0 = 4*z - 2*p - 1758, -p + 2197 = 5*z - 3*p. Let q = 486 - z. What are the prime factors of q?
47
Suppose 0*w = -9*w + 153. Let c(j) = 32 - w - 9*j - 35. List the prime factors of c(-9).
61
What are the prime factors of ((-2459)/(-4))/(11/8*6/66)?
2, 2459
Suppose 55*c - 60*c = -45. What are the prime factors of -10*c/18 + 43 + -2?
2, 3
Let i(p) = -1. Let j(u) = -12*u**2 + 14*u - 20. Let z(x) = -2*i(x) + j(x). Let d be z(4). Let s = -6 - d. What are the prime factors of s?
2, 37
Suppose 0 = 52*d - 29*d - 34*d + 25564. List the prime factors of d.
2, 7, 83
Let v(b) = 9*b**2 + 5*b + 40. Let t be v(-9). Let i = t + -153. List the prime factors of i.
571
Let z = -48 + 38. Let g(f) = f**3 + 10*f**2 + f + 4. Let k be g(z). Let y(u) = u**3 + 7*u**2 - 5*u - 4. What are the prime factors of y(k)?
2, 31
Let b be (9/2)/(-3)*212/3. Let q = -28 - b. What are the prime factors of q?
2, 3, 13
Let y(i) = 2*i**3 - 3*i**2 - 40*i - 223. What are the prime factors of y(19)?
2, 3, 971
Let b(f) = -90*f - 923. List the prime factors of b(-93).
11, 677
Suppose 7*n + q - 368 = 3*n, 5*q + 435 = 5*n. Let f be (-4)/26 - (-287)/n. Suppose 5*x = f*x + 242. What are the prime factors of x?
11
Suppose -3*c + 2 = -2*u + 16, 4*c + 19 = 3*u. What are the prime factors of (51885/(-12))/15*c?
1153
Let q(l) = 2*l**2 - 50*l + 29. Let b be 95/(-15) + (-2 - 21/(-9)). Let x be b*8/(-32)*(18 + 0). What are the prime factors of q(x)?
137
Let g(q) = 2*q**3 + 3*q**2 - 17*q + 21. List the prime factors of g(16).
3, 2903
Let h(r) = r**2 - 3*r + 9. Let j be h(10). Let f = j + -71. Let n(c) = 10*c - 17. List the prime factors of n(f).
3, 7
Suppose 391*z = -13455078 + 39277109. List the prime factors of z.
66041
Let l = 1341 + -606. Suppose -29*u + 26*u = -l. Let t = u - 166. List the prime factors of t.
79
Let d(y) = -y**3 - 4*y**2 + y + 911. Let w be d(0). Suppose 5*c - 5096 = -w. What are the prime factors of c?
3, 31
Suppose 2*i - 7*i - 3*b + 673 = 0, 5*i - b = 689. Suppose -299 = -4*r - 15*w, -5*w + 385 = 4*r + 56. Let c = i - r. List the prime factors of c.
3, 17
Let s(y) = 14*y + 73. Let h be s(-4). Suppose -8*g = h*g - 13100. What are the prime factors of g?
2, 131
Let i(v) = -v**3 + 13*v**2 - 10*v - 20. Let q be i(12). Suppose 170 = 3*r - q*n - 210, -5*n - 10 = 0. List the prime factors of r.
2, 31
Let i(t) = -t**3 - 11*t**2 + 10*t - 7. Let k be i(-12). Let o be (-1)/9 + 95/45. What are the prime factors of (-1 - -1) + o + 224 + k?
3
Suppose 0 = -62*p + 50*p + 333060. Suppose 0 = 12*x - p + 7883. What are the prime factors of x?
2, 3, 23
Let s be ((-6)/(-4))/((-4)/8). Let a(d) = -74*d + 14. What are the prime factors of a(s)?
2, 59
What are the prime factors of (2 - -11) + (-222858)/(-18)?
2, 6197
Suppose -4703638 - 1513139 = -189*q. List the prime factors of q.
7, 37, 127
Let f(k) = -k**3 - 3*k**2 - k - 1. Let t be f(-3). Suppose 770 = t*o + 2*h + h, -o = 4*h - 375. List the prime factors of o.
17, 23
List the prime factors of (-210)/(-2205) - (-954994)/21.
2, 11369
Let n(g) be the second derivative of 5*g**4/12 - 2*g**3 + 31*g**2/2 - g + 2. List the prime factors of n(9).
2, 41
Let n = 16533 + -5277. What are the prime factors of n?
2, 3, 7, 67
Suppose -9*j - u + 31 = -5*j, -3*u - 15 = 0. Let k(r) = -r + 1. Let l(g) = -9*g + 16. Let o(t) = -3*k(t) - l(t). List the prime factors of o(j).
89
List the prime factors of 1270/6*1294/6 + (-856)/1926.
191, 239
Let w(u) = 4*u**2 - 4*u - 2. Let g be w(6). Suppose t - g = 2*f, 5*t - 8*t - 2*f = -362. What are the prime factors of t?
2, 3, 5
Let i = -561 + 3427. What are the prime factors of i?
2, 1433
Let o = 57 + -104. Let m = o - -43. List the prime factors of (-33)/44 - (1 + 183/m).
2, 11
Let s(d) = -d - 12. Let c(x) = x**2 + 7*x. Let r be c(-3). Let z be s(r). Suppose -5*v - 265 = -3*g, 2*g + z*g - 3*v = 177. What are the prime factors of g?
2, 3, 5
Let w(o) = -o**3 + 12*o**2 - 5*o + 21. Suppose 3*y = -4*d + 8*d - 39, 4*y + 2*d + 30 = 0. Let j be -1*3*y*(-10)/(-30). What are the prime factors of w(j)?
3, 73
Let a = -1342 - -5996. What are the prime factors of a?
2, 13, 179
Let h(r) = r - 6. Let p(t) = 6. Let q(l) = 3*h(l) + 3*p(l). Let b be (1/(-3))/(3/(-45)). What are the prime factors of q(b)?
3, 5
Suppose -57*m + 38892 = 2*y - 58*m, -y = 5*m - 19402. List the prime factors of y.
2, 9721
Let o(q) = -92040*q**3 - q**2 - 148*q - 149. List the prime factors of o(-1).
2, 17, 2707
Let x be (3787/(-4))/(-7)*-4. Let q = x - -1123. What are the prime factors of q?
2, 3, 97
List the prime factors of (16/6)/(40/(-60)) - (-25878 - 4).
2, 3, 19, 227
Let i be 88/12*9/6. Let l(s) = 2*s**2 + 5*s - 8. List the prime factors of l(i).
17
List the prime factors of (2 + -1)/((-25)/(-2)) + 76696674/3450.
11, 43, 47
Suppose 0 = 12*i - 45*i + 133242 + 209298. List the prime factors of i.
2, 3, 5, 173
Let f(b) = -b**3 - 19*b**2 - 16*b + 38. Let x be f(-18). Suppose -8*k + 3972 = -x*k. List the prime factors of k.
2, 331
Suppose 6*z - 6251 = -413. Suppose 4*l + z = n, 5*n + 0*l = -l + 4907. List the prime factors of n.
3, 109
Suppose 5*v - 15 = 0, 4*a + 5*v - 13 = 22. Suppose 0 = -a*j + 2*g, 3*g + g = 3*j. Suppose j = 5*k - 127 - 258. What are the prime